{"id":9329,"date":"2024-06-24T22:00:13","date_gmt":"2024-06-24T19:00:13","guid":{"rendered":"https:\/\/ecemgidametal.com\/?page_id=9329"},"modified":"2024-06-26T21:43:19","modified_gmt":"2024-06-26T18:43:19","slug":"kurumsal","status":"publish","type":"page","link":"https:\/\/ecemgidametal.com\/index.php\/kurumsal\/","title":{"rendered":"Kurumsal"},"content":{"rendered":"<p>Biz, y\u0131llar\u0131n deneyimiyle kuru g\u0131da sekt\u00f6r\u00fcnde faaliyet g\u00f6steren bir firmay\u0131z.<\/p>\n<h6>Misyonumuz :<\/h6>\n<p>Sa\u011fl\u0131kl\u0131 ve lezzetli \u00fcr\u00fcnleri en uygun fiyatlarla sizlere sunmakt\u0131r.<\/p>\n<p>&nbsp;<\/p>\n<h6>Vizyonumuz :<\/h6>\n<p>&nbsp;<\/p>\n<p>Uluslararas\u0131 alanda tan\u0131nan ve g\u00fcvenilen bir marka olmakt\u0131r. De\u011ferlerimiz aras\u0131nda m\u00fc\u015fteri memnuniyeti, kalite ve g\u00fcvenilirlik bulunmaktad\u0131r. Y\u00f6netim ekibimiz ve kalite standartlar\u0131m\u0131z hakk\u0131nda daha fazla bilgi edinin.<\/p>\n","protected":false},"excerpt":{"rendered":"<p>Biz, y\u0131llar\u0131n deneyimiyle kuru g\u0131da sekt\u00f6r\u00fcnde faaliyet g\u00f6steren bir firmay\u0131z. Misyonumuz : Sa\u011fl\u0131kl\u0131 ve lezzetli \u00fcr\u00fcnleri en uygun fiyatlarla sizlere sunmakt\u0131r. &nbsp; Vizyonumuz : &nbsp; Uluslararas\u0131 alanda tan\u0131nan ve g\u00fcvenilen bir marka olmakt\u0131r. De\u011ferlerimiz aras\u0131nda m\u00fc\u015fteri memnuniyeti, kalite ve g\u00fcvenilirlik bulunmaktad\u0131r. Y\u00f6netim ekibimiz ve kalite standartlar\u0131m\u0131z hakk\u0131nda daha fazla bilgi<\/p>\n","protected":false},"author":1,"featured_media":0,"parent":0,"menu_order":0,"comment_status":"closed","ping_status":"closed","template":"","meta":{"_monsterinsights_skip_tracking":false,"_monsterinsights_sitenote_active":false,"_monsterinsights_sitenote_note":"","_monsterinsights_sitenote_category":0,"footnotes":""},"class_list":["post-9329","page","type-page","status-publish","hentry"],"aioseo_notices":[],"_links":{"self":[{"href":"https:\/\/ecemgidametal.com\/index.php\/wp-json\/wp\/v2\/pages\/9329","targetHints":{"allow":["GET"]}}],"collection":[{"href":"https:\/\/ecemgidametal.com\/index.php\/wp-json\/wp\/v2\/pages"}],"about":[{"href":"https:\/\/ecemgidametal.com\/index.php\/wp-json\/wp\/v2\/types\/page"}],"author":[{"embeddable":true,"href":"https:\/\/ecemgidametal.com\/index.php\/wp-json\/wp\/v2\/users\/1"}],"replies":[{"embeddable":true,"href":"https:\/\/ecemgidametal.com\/index.php\/wp-json\/wp\/v2\/comments?post=9329"}],"version-history":[{"count":3,"href":"https:\/\/ecemgidametal.com\/index.php\/wp-json\/wp\/v2\/pages\/9329\/revisions"}],"predecessor-version":[{"id":9540,"href":"https:\/\/ecemgidametal.com\/index.php\/wp-json\/wp\/v2\/pages\/9329\/revisions\/9540"}],"wp:attachment":[{"href":"https:\/\/ecemgidametal.com\/index.php\/wp-json\/wp\/v2\/media?parent=9329"}],"curies":[{"name":"wp","href":"https:\/\/api.w.org\/{rel}","templated":true}]}}