{"id":9552,"date":"2024-06-26T23:31:18","date_gmt":"2024-06-26T20:31:18","guid":{"rendered":"https:\/\/ecemgidametal.com\/?page_id=9552"},"modified":"2024-06-26T23:31:19","modified_gmt":"2024-06-26T20:31:19","slug":"tarihce","status":"publish","type":"page","link":"https:\/\/ecemgidametal.com\/index.php\/tarihce\/","title":{"rendered":"Tarih\u00e7e"},"content":{"rendered":"\n<p>Sekt\u00f6rdeki lider konumumuzu s\u00fcrd\u00fcr\u00fcyor, geni\u015f \u00fcr\u00fcn yelpazemiz ve y\u00fcksek kalite standartlar\u0131m\u0131zla hem yerel hem de uluslararas\u0131 pazarlarda g\u00fcvenilir bir marka olarak tan\u0131n\u0131yoruz. M\u00fc\u015fteri memnuniyeti odakl\u0131 hizmet anlay\u0131\u015f\u0131m\u0131zla, sa\u011fl\u0131kl\u0131 ve lezzetli kuru g\u0131da \u00fcr\u00fcnlerini sofralar\u0131n\u0131za ula\u015ft\u0131rmaya devam ediyoruz.<\/p>\n\n\n\n<p>Kurulu\u015fumuzdan bug\u00fcne kadar, s\u00fcrekli olarak kendimizi geli\u015ftirerek ve yenilikleri takip ederek b\u00fcy\u00fcmeye devam ettik. Gelecekte de ayn\u0131 vizyon ve misyonla, sa\u011fl\u0131kl\u0131 ve kaliteli \u00fcr\u00fcnler sunmaya, sekt\u00f6rde \u00f6nc\u00fc olmaya devam edece\u011fiz.<\/p>\n","protected":false},"excerpt":{"rendered":"<p>Sekt\u00f6rdeki lider konumumuzu s\u00fcrd\u00fcr\u00fcyor, geni\u015f \u00fcr\u00fcn yelpazemiz ve y\u00fcksek kalite standartlar\u0131m\u0131zla hem yerel hem de uluslararas\u0131 pazarlarda g\u00fcvenilir bir marka olarak tan\u0131n\u0131yoruz. M\u00fc\u015fteri memnuniyeti odakl\u0131 hizmet anlay\u0131\u015f\u0131m\u0131zla, sa\u011fl\u0131kl\u0131 ve lezzetli kuru g\u0131da \u00fcr\u00fcnlerini sofralar\u0131n\u0131za ula\u015ft\u0131rmaya devam ediyoruz. Kurulu\u015fumuzdan bug\u00fcne kadar, s\u00fcrekli olarak kendimizi geli\u015ftirerek ve yenilikleri takip ederek b\u00fcy\u00fcmeye devam<\/p>\n","protected":false},"author":1,"featured_media":0,"parent":0,"menu_order":0,"comment_status":"closed","ping_status":"closed","template":"","meta":{"_monsterinsights_skip_tracking":false,"_monsterinsights_sitenote_active":false,"_monsterinsights_sitenote_note":"","_monsterinsights_sitenote_category":0,"footnotes":""},"class_list":["post-9552","page","type-page","status-publish","hentry"],"aioseo_notices":[],"_links":{"self":[{"href":"https:\/\/ecemgidametal.com\/index.php\/wp-json\/wp\/v2\/pages\/9552","targetHints":{"allow":["GET"]}}],"collection":[{"href":"https:\/\/ecemgidametal.com\/index.php\/wp-json\/wp\/v2\/pages"}],"about":[{"href":"https:\/\/ecemgidametal.com\/index.php\/wp-json\/wp\/v2\/types\/page"}],"author":[{"embeddable":true,"href":"https:\/\/ecemgidametal.com\/index.php\/wp-json\/wp\/v2\/users\/1"}],"replies":[{"embeddable":true,"href":"https:\/\/ecemgidametal.com\/index.php\/wp-json\/wp\/v2\/comments?post=9552"}],"version-history":[{"count":1,"href":"https:\/\/ecemgidametal.com\/index.php\/wp-json\/wp\/v2\/pages\/9552\/revisions"}],"predecessor-version":[{"id":9553,"href":"https:\/\/ecemgidametal.com\/index.php\/wp-json\/wp\/v2\/pages\/9552\/revisions\/9553"}],"wp:attachment":[{"href":"https:\/\/ecemgidametal.com\/index.php\/wp-json\/wp\/v2\/media?parent=9552"}],"curies":[{"name":"wp","href":"https:\/\/api.w.org\/{rel}","templated":true}]}}